*k - s + u = 0, 2*k - 5*s - 85 = -3*k. List the prime factors of k.
2, 7
Let n be (-10)/(-3)*(-33)/(-55). Suppose -y = -2*t + 40, -6*t = -n*t + 2*y - 64. What are the prime factors of t?
2, 3
Suppose 3*r + 0*z = z + 8, -5*r + 12 = -3*z. Let v = r - 4. Let w(x) = -4*x**3 - x**2 + 1. What are the prime factors of w(v)?
2
Let a(b) be the first derivative of -1/2*b**2 + 4*b + 3. What are the prime factors of a(-5)?
3
Suppose 4*f - 17 = 95. Suppose 2*o - f - 12 = 0. What are the prime factors of o?
2, 5
Let o(r) = -r + 4. Let d be o(5). Let v be 1*(3 - (-3)/d). List the prime factors of -3 + 1 + (15 - v).
13
Suppose -u = -2*o + 100, 0*o + 2*u - 184 = -4*o. List the prime factors of o.
2, 3
List the prime factors of 1/(-6) - (3 - 3845/30).
5
Suppose -5*u = -2*u - 54. What are the prime factors of u?
2, 3
Let d = 17 + -15. Suppose -n - 2*b = -48, 0 = -d*b + 6*b - 20. What are the prime factors of n?
2, 19
Let v(x) = -3 + 8*x - 1 + 6. Let r(w) = 24*w + 5. Let g(a) = 3*r(a) - 8*v(a). List the prime factors of g(1).
7
Let y(n) = 9*n - 8. What are the prime factors of y(5)?
37
List the prime factors of (6/5)/(460/225 + -2).
3
Suppose -5*y - 5 = 40. What are the prime factors of (y/(-2))/(1/6)?
3
Let r(i) = -17*i + 10. List the prime factors of r(-18).
2, 79
Let g(p) = p**3 + 6*p**2 - 10*p - 3. Let z be g(-7). Suppose -2*q + 9 = q. Suppose 4*d - i = 29, 5*i + 25 = q*d - z. What are the prime factors of d?
2, 3
Suppose -h + 3 = -1. Suppose t + h*i = 41, -t + 0*t + 2*i = -17. List the prime factors of t.
5
Let a(q) = 37*q + 1. What are the prime factors of a(1)?
2, 19
Let i(x) = -2*x**3 - 1 - 6*x + 3*x**3 + 3*x**2 - 3. Let l be i(-4). Let v(g) = -g**2 + 8*g - 3. List the prime factors of v(l).
13
Suppose 4*s - 835 = -3*m, 5*s - 830 = 4*m - 7*m. What are the prime factors of m?
3, 5, 19
Suppose -55 = 5*v - 0*v. Let z = v - -15. List the prime factors of (-174)/(-21) - z/14.
2
Let s(x) = x**3 + 6*x**2 + 7*x - 1. Let b be s(-5). Let f = 7 + b. Let g = 10 + f. List the prime factors of g.
2, 3
Let d(o) = o**2 + 5*o + 9. What are the prime factors of d(-7)?
23
Let p = -840 - -1266. List the prime factors of p.
2, 3, 71
What are the prime factors of (-5)/(-2) - (-5)/(-10)?
2
What are the prime factors of 1*(-202)/(-5) + 12/(-30)?
2, 5
Let k(r) = r - 11. Let s be k(5). List the prime factors of ((-22)/4)/(3/s).
11
Suppose 0 = -3*x - 18 - 30. List the prime factors of -3 - (x - (0 + -1)).
2, 3
Let l(z) = -z**2 - 7*z + 2. Let w be l(-8). Let b be (-14)/(-3) + (-2)/w. What are the prime factors of b - (0 + 2 - 1)?
2
Suppose 0*i - 97 = -i. What are the prime factors of i?
97
Suppose 2*t = 4*y, -4*t + 0*y + 12 = -5*y. Suppose 2*q = -0*q + t. Suppose -3*v + 2*n = v - 14, -q*n = 4. What are the prime factors of v?
3
Let u be (-2)/3 + (-710)/15. Let n = -32 - u. What are the prime factors of n?
2
Suppose 5*q - 107 = -w, 3*w + 53 = 2*q - 0*w. List the prime factors of q.
2, 11
Let p(c) = 10*c**3 + 2*c**2 - c. Let s be p(1). Let o(g) = g**3 - 11*g**2 + 3*g - 7. List the prime factors of o(s).
2, 13
Suppose 2*z - 22 = 2*y, 0 = -z - 3 + 8. What are the prime factors of (6*-5)/(y/9)?
3, 5
Suppose -2*m + 27 + 46 = 3*y, 2*y = -10. Let u = m + -27. List the prime factors of u.
17
Let p(h) = 4*h**2 + h + 7. What are the prime factors of p(3)?
2, 23
Let g = 43 - 3. Suppose -g = -3*c - 1. List the prime factors of c.
13
List the prime factors of ((-1842)/(-9))/((-2)/(-12)*4).
307
Let j = 57 + 9. List the prime factors of j.
2, 3, 11
Suppose -2*f - 2*z = -14, 3*z - 1 = -5*f + 30. Suppose -3*l = f*t - 30, -t + 5 = 4*l - 1. List the prime factors of t.
2, 3
Suppose 4*y = 3*h + 20, 5*y + 5*h - h = -6. Suppose -y*w = 3*w - 70. List the prime factors of w.
2, 7
Let c be 4/(1 + 2 + -2). Suppose -8 = -c*b - 0. Let y = b - -7. What are the prime factors of y?
3
Suppose 0 = 4*y - 47 - 173. List the prime factors of y.
5, 11
Suppose 0 = -3*x + 98 + 49. List the prime factors of x.
7
Suppose 6*a - 3*a = -30. Let v = a + 7. Let u(q) = -4*q - 3. What are the prime factors of u(v)?
3
Suppose -y + 2*g + 140 = -3*g, 420 = 3*y - 3*g. What are the prime factors of y/8 - 6/(-4)?
19
Let h be (-6)/(-10) - 3/5. Suppose 2*w - 5*w + 24 = h. What are the prime factors of w?
2
Let t(d) = -4*d**3 + d**2 + 2*d + 2. Let j be t(-2). Suppose 3*a - j = 5. List the prime factors of a.
13
Let x = 4 - 2. Suppose x*w = 29 + 1. List the prime factors of w.
3, 5
Suppose -3*q - 4 = 5*b + 26, 5*q = 2*b + 43. Let l be -2 - (b - 2/(-2)). Let n = l + -3. List the prime factors of n.
3
Let x = -2 - -116. List the prime factors of x.
2, 3, 19
Suppose 4*r - 470 = -r. List the prime factors of r.
2, 47
Let h(k) = -k**3 + 7*k**2 - 4*k - 5. Let y be h(6). Suppose -3*n = -0*n - 6. Suppose p - 3 = -o + y, n = p + 5*o. What are the prime factors of p?
2, 3
Suppose -2*j - 4*n - 22 = -3*j, -55 = -2*j - 3*n. List the prime factors of j.
2, 13
Let x = 23 + -13. What are the prime factors of x?
2, 5
Suppose 4*x - 7 - 5 = 0, 4*g + 4*x - 44 = 0. What are the prime factors of g?
2
Suppose -2*k + 4*t = -82, 0*t - 4*t = 3*k - 123. What are the prime factors of k?
41
Suppose -5*b + z + 410 = 0, 0 = 4*b + 2*z - 6*z - 344. What are the prime factors of b?
3
Suppose 8*c - 4*u = 3*c + 257, u = 3*c - 150. List the prime factors of c.
7
Let i = 8 + -6. Let o(h) = -i + h**3 + 0*h**3 - 3*h**2 - 2*h**3 - 2*h. What are the prime factors of o(-3)?
2
Let c(l) = -l**2 - l + 149. What are the prime factors of c(0)?
149
Suppose 5*r - 535 = 75. Suppose i = -2*i + g + r, -4*g = -i + 48. Suppose 0 = 7*b - 2*b - i. List the prime factors of b.
2
Let d(o) = o**3 + 9*o**2 + 6*o + 8. List the prime factors of d(-8).
2, 3
List the prime factors of (-22)/(-8) + -3 + (-1978)/(-8).
13, 19
Let p(b) = -b**2 + 2*b - b**3 + 2 - 3*b**3 + 2*b**3. Let d be (3/(-6))/((-1)/(-4)). List the prime factors of p(d).
2, 5
Let b = -1 - -6. Suppose -v - 12 = -l - 0*l, l - 42 = -b*v. What are the prime factors of l?
17
Suppose k = -2*k, i + 4*k - 10 = 0. Suppose 26 = -4*x - 22. What are the prime factors of x/15*i/(-4)?
2
Let l = -20 - -28. List the prime factors of l - (-8)/12*3.
2, 5
Suppose -5*k - 3*x + 7 = 0, 6 - 13 = -4*k - x. Suppose k*c = -1 + 7. List the prime factors of c.
3
Let j = 11 + -6. Let s = j + 3. What are the prime factors of s?
2
Suppose 0 = -3*l + 15 - 3. Suppose 0 = -x + h + 3*h + l, 2 = -x - 2*h. Suppose x = 4*w - 29 + 1. List the prime factors of w.
7
Suppose 8 + 120 = 4*h. List the prime factors of h.
2
Let s = -158 - -345. List the prime factors of s.
11, 17
Let j be (-3)/2*(-56)/6. Let h = 16 - j. List the prime factors of h.
2
Suppose -2*i = -7*i + 30. Suppose m - i*m = -55. Suppose -x - v = -12, 3*x + 4*v = -m + 42. What are the prime factors of x?
17
Let t = -29 + 40. Let c = -2 - -1. Let n = c + t. What are the prime factors of n?
2, 5
Suppose 7*n - 24 = 3*n + 2*m, 3*m - 4 = -4*n. Let o(f) = f**3 - 3*f**2 - 6*f + 5. Let b be o(n). Let r = 8 + b. List the prime factors of r.
5
Let c = -7 - -11. Suppose -3*f - 43 = -v, -c*v - v = -3*f - 155. Suppose 2*m + v = 5*k - 2*m, -23 = -4*k + 3*m. What are the prime factors of k?
2
Let r = -8 - -8. Suppose -n = -r*n - 11. Suppose -n - 1 = -h. List the prime factors of h.
2, 3
Suppose -3*r = -6*r + 9. Suppose 4*x - r*m - 82 = -m, -4*m = x - 7. Suppose 3*u = 5 + x. List the prime factors of u.
2
What are the prime factors of (-5863)/(-82) - (-1)/(2/3)?
73
Suppose -2*u - 5*d + 163 = u, -173 = -3*u + 5*d. List the prime factors of u.
2, 7
Let d = 17 + -6. What are the prime factors of d?
11
Let h be 4*((-27)/12 - -3). Suppose -36 - 12 = -2*v. Suppose v = u + 3*q, 0 = 3*u - h*q + 8 - 20. What are the prime factors of u?
3
Suppose -1 = z - 14. Suppose 4*x - 3 = z. Suppose 4*l + r = 71, -l - x*l - 3*r + 87 = 0. List the prime factors of l.
2, 3
Let j(c) = c**2 + 5*c + 8. What are the prime factors of j(-7)?
2, 11
Let f = -16 - -4. Let w(p) = -2*p - 6. What are the prime factors of w(f)?
2, 3
Suppose -w = -0*w - 14. Suppose w + 6 = 2*m. List the prime factors of m.
2, 5
Let z be 1*(-2 - -1) - -3. Suppose 5*s - z*s = 51. What are the prime factors of s?
17
Suppose -5*l + 5*c + 20 = -0, -4*c - 15 = -3*l. Let z(n) = n + 2. Let s be z(-4). Let k = l - s. List the prime factors of k.
3
Let u(i) = 2*i**2 - 2. Let j be u(2). Let 